 - 32*l + 41. Let q = 9 + -6. Suppose -4*g - 69 = -4*d - 7*g, -d + 21 = -q*g. What is the remainder when d is divided by z(-17)?
4
What is the remainder when (-45)/6*822/(-137) is divided by 36?
9
Let a(f) = -f**3 + 9*f**2 - 4*f - 9. Suppose -21*h - 147 = 441. Let g(t) = 2*t + 170. What is the remainder when g(h) is divided by a(8)?
22
Let c = 3 - -1. Suppose -2*n - 24 = -2*j, 2*j + 8 = 33*n - 35*n. Calculate the remainder when j is divided by c.
0
Let v = 43 - 38. Suppose a - 2*m - 11 = -m, v*m = 4*a - 45. Let q(b) = -b**3 + 9*b**2 - 7*b - 2. What is the remainder when q(7) is divided by a?
7
Let n be (-9)/(((-2)/(-4) - 1)*3). Suppose -2*r + 67 = 5*p, n*r - 5*r + p - 32 = 0. What is the remainder when 83 is divided by r?
21
Let c = -1371 - -1407. Calculate the remainder when 114 is divided by c.
6
Let o be 3 + 680/6 + (-1)/3. Suppose 16*i = 12*i + o. What is the remainder when i is divided by (0/3 - -4) + 4?
5
Let q be 9/36*-4*(-6)/2. Suppose 5*k - 6*k + 4*j = 13, k - 2*j + q = 0. What is the remainder when 412 is divided by k?
6
Let g(x) = -x**2 + 6*x - 6. Let h be g(4). Suppose 0 = h*q - q + 1. Calculate the remainder when 47 is divided by (-8)/6*q*9.
11
Let v(d) = -d**2 - 58*d - 127. Calculate the remainder when 643 is divided by v(-53).
91
Calculate the remainder when 443 is divided by (-1224)/(-17) - (-1 + -2).
68
Let h = 148 - -123. What is the remainder when 832 is divided by h?
19
Suppose 261*l = 267*l. Suppose -8*s - 359 + 3503 = l. Calculate the remainder when s is divided by 44.
41
Suppose 13*j - 414 = 11*j. Let w = j + -180. What is the remainder when 74 is divided by w?
20
Suppose 31*j = 13*j - 324. Suppose -125 = 5*m + 5*g, -3*m - 4*g - 40 = -m. Let h = j - m. Calculate the remainder when 21 is divided by h.
9
Let f = 14244 - 13536. What is the remainder when f is divided by 142?
140
Suppose -g + 4*j + 0 = -46, -2*g + 2*j + 98 = 0. Suppose 69*b = 74*b - 45. Calculate the remainder when g is divided by b.
5
Suppose 4*i - v - 790 = 0, -78*v = -2*i - 79*v + 386. Calculate the remainder when 978 is divided by i.
194
Let r(k) = 30*k**2 + 67*k**2 - 28 + 29*k + 206*k**2. Calculate the remainder when r(1) is divided by 22.
18
Suppose 5*j + 12515 + 1230 = 4*b, 4*b + 4*j = 13664. Calculate the remainder when b is divided by 247.
214
Let s(k) = -32*k**3 + 14*k**2 - 9*k - 92. What is the remainder when s(-4) is divided by 221?
6
Let v = -17 + 30. Let x(g) = -12*g**2 + 4*g - 16*g - 21 + g**3 + 50. Calculate the remainder when x(v) is divided by 16.
10
Calculate the remainder when 8031 is divided by ((-2048)/(-60) - 8) + 16/(-120).
23
Suppose -a - 25 + 47 = -0*a. Calculate the remainder when 262 is divided by a.
20
Let s be 266/(-10) - 36/90. What is the remainder when (-2)/(-3)*-1 + (-396)/s is divided by 4?
2
Suppose 1865 = 2*p + 3*x, 3*p = 2*x + 3580 - 815. What is the remainder when p is divided by 155?
150
What is the remainder when 446 is divided by ((-1835)/3)/(355/(-213))?
79
Suppose 965 = 3*v - 6*n - 490, v = -2*n + 481. What is the remainder when 1489 is divided by v?
40
Suppose 13*u = -1769 + 1912. Let h be (344/(-12))/(2/(-3)). Suppose -2*y - 4 + h = 3*m, 0 = -3*y + 3*m + 36. Calculate the remainder when y is divided by u.
4
Suppose 5*f + 1117 = 3*r - 935, -4*f + 5*r = 1652. Let q = 423 + f. What is the remainder when 73 is divided by q?
13
Suppose 0 = 2*y + 3*h - 39, -2*y + 3*y + h = 17. Let p = -7566 + 7636. What is the remainder when p is divided by y?
10
Suppose -g - 9 - 7 = 5*p, -4*p = -5*g + 36. Let u = 105 - 103. Suppose -n = -2, -u*n = -2*i - n + 26. Calculate the remainder when i is divided by g.
2
Let q = 150 + -20. Let l = -11253 - -11303. What is the remainder when q is divided by l?
30
Let d(n) = 2*n**3 + 217*n**2 - 123*n - 740. Calculate the remainder when d(-109) is divided by 109.
23
Let m = -2216 + 2233. What is the remainder when m is divided by 4?
1
Suppose -5*o = 4*g - 8956, 4*o = -2*g + 6225 + 947. What is the remainder when o is divided by 53?
47
Calculate the remainder when (1 + (-2511)/(-15))/(-7*(-20)/350) is divided by 8.
5
Suppose 2 = t - 8. Suppose 0 = -36*l + t*l + 15626. What is the remainder when l is divided by 67?
65
Let x(c) = 34*c - 6. Let f be x(1). Suppose -19 + f = m + y, -y + 37 = 5*m. Calculate the remainder when 96 is divided by m.
5
Let d be -4 - ((-298)/(-6))/(7/(-21)). Let y = d - 122. Calculate the remainder when y is divided by 19.
4
Let o = -296 + 298. Suppose -5*s + 52 = -4*n - 43, -79 = -3*s - o*n. What is the remainder when 40 is divided by s?
17
Suppose 175 = -15*j + 550. What is the remainder when 356 is divided by j?
6
Let x be 9/(-6)*(-1 - (-145)/(-15)). What is the remainder when 23 is divided by (-2)/(-4)*-4 + x?
9
Suppose f - 4*u - 41 = 0, -85 = -4*f - f - 4*u. Suppose 2*k = 3*i - 340, -f*k - 115 = -i - 22*k. Calculate the remainder when i is divided by 15.
9
Let d(y) = 3*y**2 - 99*y + 1046. Calculate the remainder when d(14) is divided by 49.
3
Let u(r) = -66*r + 18. Let s(m) = -130*m + 37. Let a(x) = 2*s(x) - 5*u(x). Let n = 59 - 31. What is the remainder when a(1) is divided by n?
26
Let a be (-26 + 0)/((-5)/((-10)/(-4))). Let n = a - -33. Suppose 2*s = -0 + n. Calculate the remainder when 66 is divided by s.
20
Suppose -37*k + 14 = -30*k. Suppose 5*h + k*s = 134, -s - 3*s = 12. Suppose -29 - 11 = -4*u. What is the remainder when h is divided by u?
8
Suppose 5*p + 366 - 102 = o, 0 = o + 5*p - 194. What is the remainder when o is divided by 34?
25
Suppose -g = -u + 13, -5*g + 0*g = 4*u - 79. Let t(k) = -2*k + 19. Let a be t(8). Suppose a*n - 105 + 15 = 0. What is the remainder when n is divided by u?
14
Let g(l) = -l**3 + 47*l**2 - 30*l - 365. Calculate the remainder when g(45) is divided by 156.
151
Suppose -204*d + 1544 - 16304 = -216*d. What is the remainder when d is divided by 204?
6
Let h be (-12)/10*15/(-9). Suppose x - h*a = 35, 2*x = -3*x + 5*a + 160. Calculate the remainder when 112 is divided by x.
25
Let c be 12/(-21) + 416/91. Suppose 30 = 2*v - 2*q, 4*v + 6*q = c*q + 30. What is the remainder when 19 is divided by v?
9
Suppose -12*d + 99 - 1023 = 0. What is the remainder when (-722)/(-14) + 44/d is divided by 98/8 - (-3)/4?
12
Suppose -172*k + 2197 + 365 = 11*k. What is the remainder when 3804 is divided by k?
10
Let i = -224 + 259. Calculate the remainder when 5281 is divided by i.
31
Suppose -6*s + 10*s - 46 = -3*w, 4*w = 5*s + 113. What is the remainder when 345 is divided by w?
15
Suppose -3*j + 3 = -54*z + 58*z, 3*j - 27 = 4*z. Suppose -3*f = 6, 4*r + j*f - f - 116 = 0. Calculate the remainder when 65 is divided by r.
3
Let g = 5 - -4. Let a be ((-4)/(-6) - (-14)/6) + 53. Let c = -39 + a. What is the remainder when c is divided by g?
8
Let t = -1484 - -1490. Calculate the remainder when 49 is divided by t.
1
Suppose 5*h + 25 = 0, -3805 = -5*f + 3*h - h. Suppose 10*k - f = 151. What is the remainder when 272 is divided by k?
90
Let f(g) = 3*g**2 + 8*g - 15. Let h be f(2). Suppose -h*k + 14*k - 52 = 0. Calculate the remainder when k is divided by 9.
7
Let o(a) = -a**2 - 56*a - 446. What is the remainder when 606/4 + 1/(-2) is divided by o(-10)?
11
Let c = -134 + 126. Let z be ((-14)/4*c)/(7/28). Suppose -5*p + 560 = -5*o, -3*o + z = p - 0*p. What is the remainder when p is divided by 38?
36
Let d(v) = 1139*v**2 - v - 9. What is the remainder when d(-2) is divided by 111?
109
Let y(n) = 17*n + 35. Let u(a) = -14*a - 34. Let g(c) = -5*u(c) - 4*y(c). Let q be ((-9)/2)/(4/8). What is the remainder when 26 is divided by g(q)?
2
Let n(p) = 6*p**3 - 147*p**2 + 72*p + 13. What is the remainder when 234 is divided by n(24)?
0
Suppose 35 = 2*i - 5*b, 5*i - 6*b - 355 = -287. Suppose -k + 167 = g, -4*g = -0*g + 4. Calculate the remainder when k is divided by i.
8
Let b(u) = -347*u + 2333. What is the remainder when 828 is divided by b(6)?
75
Suppose -5*r = -2*g + 56, 4*g + 0*g - 4*r - 88 = 0. Let b be 1090/(-7) + 10/(-35). Let j = b + 188. What is the remainder when j is divided by g?
14
Let o = 27037 + -26684. What is the remainder when o is divided by 8?
1
Suppose -z - 259*d + 262*d = -822, -z + 787 = 4*d. Calculate the remainder when z is divided by 203.
198
Suppose 96 = 9*q - 120. Suppose 5*o + 5*p = 170, -q*p + 25*p - 64 = -2*o. Let n = 3 + 9. What is the re